alse
Is 5420191 a prime number?
False
Is 92221853 a prime number?
False
Is 2676217 a composite number?
False
Is 112001737 a composite number?
True
Is 119168189 a composite number?
True
Is 1142885 a composite number?
True
Is 5133129 composite?
True
Is 15194737 composite?
True
Is 833123 prime?
False
Is 25420099 a prime number?
True
Is 91885733 prime?
True
Is 3978553 prime?
True
Is 5306419 a prime number?
True
Is 6275767 prime?
False
Is 226957619 a composite number?
True
Is 13551319 a composite number?
False
Is 7254847 a prime number?
True
Is 889129 composite?
True
Is 16945163 composite?
False
Is 24062891 prime?
False
Is 386331329 composite?
False
Is 3198079 prime?
False
Is 208440863 a prime number?
True
Is 152939 a composite number?
False
Is 195359 prime?
True
Is 1823 a composite number?
False
Is 7006543 prime?
False
Is 1712343 composite?
True
Is 255949571 a composite number?
False
Is 432539 a composite number?
False
Is 5190929 composite?
False
Is 9502981 composite?
True
Is 9347441 a composite number?
False
Is 44729417 prime?
False
Is 127535617 a prime number?
False
Is 158905673 a prime number?
False
Is 61547867 a prime number?
True
Is 24005 prime?
False
Is 609803 a composite number?
False
Is 4179289 a prime number?
True
Is 17331929 a composite number?
False
Is 73105007 prime?
False
Is 543806891 a composite number?
False
Is 826129 a composite number?
False
Is 480876899 prime?
True
Is 253304339 a prime number?
False
Is 64176533 composite?
False
Is 1815217 composite?
False
Is 11552771 composite?
False
Is 5741893 a composite number?
False
Is 196532549 prime?
False
Is 26207777 composite?
False
Is 377459 composite?
False
Is 26633489 composite?
False
Is 1720489 prime?
False
Is 19479359 composite?
False
Is 1068562087 prime?
True
Is 9735469 a composite number?
False
Is 8739583 a prime number?
True
Is 3836257 a composite number?
False
Is 6245153 prime?
True
Is 405799 a composite number?
False
Is 35580581 a prime number?
True
Is 21739127 composite?
True
Is 73785819 a prime number?
False
Is 105228317 a prime number?
False
Is 23074141 prime?
True
Is 2378617 composite?
False
Is 6509071 a composite number?
True
Is 1807639 composite?
True
Is 23910217 a prime number?
False
Is 7050763 composite?
True
Is 2815087 a prime number?
False
Is 13260029 prime?
False
Is 910633 a composite number?
True
Is 4629511 a prime number?
True
Is 26526683 a prime number?
True
Is 38580023 a prime number?
True
Is 21920215 composite?
True
Is 83566885 a prime number?
False
Is 1513717 a prime number?
True
Is 743941 composite?
True
Is 2682437 prime?
False
Is 5750441 composite?
False
Is 217311131 a composite number?
False
Is 36109 a prime number?
True
Is 231552751 prime?
True
Is 1413199 a prime number?
False
Is 121158899 composite?
True
Is 6890633 a composite number?
False
Is 19634969 a prime number?
False
Is 383304703 a composite number?
False
Is 1182291859 a composite number?
True
Is 444604361 prime?
True
Is 7062142 prime?
False
Is 6631711 a composite number?
True
Is 4602487 a composite number?
False
Is 3565643 prime?
False
Is 13563527 a prime number?
True
Is 24161503 a composite number?
True
Is 261553 composite?
True
Is 10300397 composite?
True
Is 849825609 prime?
False
Is 302683297 prime?
False
Is 142129751 a prime number?
True
Is 71371 a composite number?
True
Is 610763 prime?
True
Is 47221 prime?
True
Is 13409177 a prime number?
True
Is 65972642 composite?
True
Is 18045127 composite?
True
Is 1921487 a composite number?
True
Is 18237881 a composite number?
True
Is 2073055 prime?
False
Is 100230239 prime?
True
Is 59121599 a prime number?
False
Is 182438791 a prime number?
True
Is 1088807 composite?
False
Is 134716013 a composite number?
True
Is 95573359 a composite number?
True
Is 15773437 a prime number?
True
Is 901343 a prime number?
False
Is 274586171 a prime number?
True
Is 16561307 prime?
False
Is 8963081 a prime number?
True
Is 82107633 composite?
True
Is 3674711 a prime number?
True
Is 1640918 composite?
True
Is 72959599 a composite number?
True
Is 85766613 a composite number?
True
Is 72180166 prime?
False
Is 327379053 composite?
True
Is 21978227 a composite number?
False
Is 3046627 composite?
False
Is 46680965 a composite number?
True
Is 3439966 composite?
True
Is 54127834 a prime number?
False
Is 8340779 a composite number?
True
Is 297495347 a prime number?
False
Is 842273 prime?
False
Is 8131589 a composite number?
True
Is 12131 a composite number?
True
Is 187282559 prime?
True
Is 2171077 prime?
True
Is 61685651 prime?
True
Is 12561431 composite?
False
Is 5363933 a prime number?
True
Is 32006297 a composite number?
True
Is 217448222 a composite number?
True
Is 4980691 composite?
False
Is 233069443 composite?
True
Is 913757 a prime number?
False
Is 116993 composite?
False
Is 757291 composite?
False
Is 3213559 a prime number?
True
Is 3189677 a prime number?
False
Is 150368909 composite?
False
Is 18617747 a prime number?
True
Is 83589757 composite?
False
Is 70508249 a composite number?
True
Is 2281973 composite?
False
Is 75402011 a prime number?
True
Is 161495539 composite?
False
Is 14403769 a composite number?
True
Is 4712091 a composite number?
True
Is 36780193 composite?
False
Is 55085879 a prime number?
True
Is 91728959 prime?
False
Is 275722102 composite?
True
Is 11608693 a composite number?
True
Is 6363239 a composite number?
True
Is 18296659 a prime number?
True
Is 813257597 composite?
True
Is 688417693 a prime number?
False
Is 6218713 a composite number?
False
Is 1190785 prime?
False
Is 16964387 a composite number?
True
Is 890881 prime?
True
Is 3132961 composite?
True
Is 2451441 a prime number?
False
Is 13934009 a composite number?
False
Is 12424811 a prime number?
False
Is 62140579 a prime number?
True
Is 549269741 a composite number?
True
Is 1835177 a composite number?
False
Is 83238121 prime?
False
Is 213229943 prime?
True
Is 7737137 composite?
False
Is 158337259 composite?
False
Is 248566393 prime?
False
Is 9626593 composite?
True
Is 167785477 a prime number?
True
Is 724721 prime?
True
Is 6590219 composite?
True
Is 3367531 a prime number?
True
Is 224412779 composite?
True
Is 196043 composite?
False
Is 2028679 composite?
False
Is 16841561 a prime number?
False
Is 156711649 a composite number?
True
Is 116647 a composite number?
True
Is 915881 a prime number?
True
Is 87821299 prime?
True
Is 17548681 prime?
False
Is 31361977 prime?
False
Is 3505739 prime?
False
Is 692947189 a prime number?
False
Is 15325789 prime?
False
Is 7163699 prime?
False
Is 224651257 prime?
True
Is 12356633 a composite number?
False
Is 160222435 a prime number?
False
Is 7119263 a composite number?
True
Is 14667017 prime?
True
Is 7490089 prime?
True
Is 70365651 a composite number?
True
Is 45195523 prime?
True
Is 81779585 prime?
False
Is 79127981 a composite number?
True
Is 42468757 a composite number?
False
Is 393277 a composite number?
True
Is 3808127 a prime number?
True
Is 284244451 prime?
True
Is 2360581 prime?
False
Is 42659719 a prime number?
True
Is 42781919 prime?
False
Is 272262857 a prime number?
True
Is 59489506 composite?
True
Is 12582917 a composite number?
False
Is 141255269 composite?
False
Is 7814117 a prime number?
True
Is 19743133 a prime number?
True
Is 23490611 prime?
True
Is 1586587 a composite number?
False
Is 8376949 a prime number?
False
Is 694885793 prime?
False
Is 893461 a composite number?
True
Is 3168091 composite?
True
Is 10906267 a prime number?
True
Is 56909449 composite?
False
Is 1384781 a composite number?
False
Is 360791311 composite?
False
Is 37899767 a prime number?
False
Is 2065759 prime?
True
Is 146551879 a prime number?
True
Is 50821 a prime number?
True
Is 4113787 composite?
False
Is 54224227 prime?
True
Is 5116819 a composite number?
True
Is 3216779 composite?
False
Is 25586713 a composite number?
False
Is 90980431 prime?
False
Is 172313153 a composite number?
False
Is 1422517 composite?
True
Is 164458397 a prime number?
True
Is 53154947 a composite number?
False
Is 1103363 a composite number?
True
Is 15992017 prime?
True
Is 553681 composite?
False
Is 2884493 a prime number?
True
Is 3083749 prime?
False
Is 127875103 composite?
False
Is 223249595 a composite number?
True
Is 289273 a prime number?
True
Is 41365757 a composite number?
False
Is 24068987 prim